, -3*u + 16 = -f - 15. Suppose 5*n = 254 + 351. What is the greatest common factor of n and u?
11
Let q = 6 - 4. Suppose q*u - u = 3. What is the highest common factor of u and 3?
3
Let t(f) = -f + 12. Let s be t(0). What is the highest common factor of s and 60?
12
Suppose 56*g - 52*g = 24. Calculate the greatest common divisor of g and 96.
6
Suppose 3*o - 7*i - 31 = -3*i, 15 = o + i. Suppose -2*j + 3*j = o. Let a = 52 - 26. Calculate the greatest common divisor of j and a.
13
Suppose -2*a = -24 - 230. Suppose 4*x - 235 = 3*q, -2*q + 2*x - 158 = -2*x. Let g = a + q. Calculate the highest common factor of 20 and g.
10
Let p(s) = s**3 - 8*s**2 - 8*s - 7. Let q be p(9). Let r be ((-6)/4)/(q/(-4)). Let w = -3 + 6. What is the greatest common divisor of w and r?
3
Suppose -6*t - 15 = -t - 3*l, t - 2*l + 10 = 0. Let f = t - -2. Suppose -4*j - 5*k = -66, 3*j + j - 2*k = 52. What is the greatest common divisor of j and f?
2
Let a = 12 + 2. Suppose 5 + 1 = 3*z. Suppose 16 = 2*i + z. What is the highest common divisor of a and i?
7
Let k(z) be the first derivative of z**3/3 + 3*z**2/2 - 6*z - 2. Let m be k(-6). What is the greatest common factor of m and 108?
12
Suppose 0 = -a + 172 + 31. Calculate the greatest common divisor of 29 and a.
29
Suppose -6*t + 10 - 250 = 0. Let f = 40 - t. Calculate the highest common factor of 10 and f.
10
Let s be 3*6/9*5. Let v(j) = j**2 - 10*j + 3. Let y be v(s). Suppose -36 = 2*g - 8*g. What is the greatest common divisor of g and y?
3
Let u = -17 + 26. Let d be 1 + (-2)/((-2)/(-13)). Let l be (9/d)/((-1)/96). What is the highest common divisor of l and u?
9
Suppose -s - 3 = -31. Suppose -h = -3*h + s. Suppose m + 5*c - 62 = 18, -3*c = -4*m + 274. What is the greatest common factor of h and m?
14
Let q(k) = k. Let v(i) = -6*i - 45. Let d(w) = -5*q(w) - v(w). Let z be d(0). Calculate the greatest common factor of z and 18.
9
Suppose -3*i + 5*a = -i + 6, -4*i + 20 = -2*a. Let z be (-5 - -2)*(-4)/12. Let d be (60 - z) + (-2 - 1). What is the greatest common divisor of i and d?
7
Suppose 5*p - 5*f - 318 - 42 = 0, 0 = 5*p - f - 352. Calculate the greatest common divisor of 10 and p.
10
Let y = 417 + -186. What is the greatest common divisor of 21 and y?
21
Let t(s) = -s**3 + 6*s**2 + 17*s - 5. Let q be t(8). Calculate the greatest common divisor of q and 2.
1
Suppose 4*l - 88 = -5*t, -4*t - 4*l = -54 - 18. What is the highest common divisor of t and 16?
16
Let j = -143 + 203. Calculate the highest common factor of 12 and j.
12
Let p be -1 - -17 - (-1 + 3). Let x be (-2)/(4/p*-1). Calculate the highest common factor of x and 63.
7
Let g(n) = -25*n - 1. Let p be g(-3). Let z = -31 - 19. Let d = z + p. What is the greatest common factor of 60 and d?
12
Let q(b) = 16*b - 1. Let v be q(3). Suppose -4*z + v + 25 = 0. What is the highest common factor of 45 and z?
9
Suppose 5*g + 50 = 7*g. Calculate the highest common divisor of 5 and g.
5
Suppose 3*i = 2*i + 24. Let k(p) = p**2 - 7*p + 4. Let r be k(7). Calculate the greatest common divisor of i and r.
4
Let i(t) = t**2 + 9. Let f be i(-9). Suppose -18 = -l - 0*l + 5*u, 5*l = -4*u + f. What is the highest common divisor of l and 90?
18
Suppose 3*c + 2*o + 0 = 4, -2*c - 2*o = 0. Let u be (27/(-12))/(2/8). Let f = 13 + u. Calculate the highest common divisor of f and c.
4
Let m be 2 + 1/1 - 2. Let q be 43 + -6*m/2. Calculate the greatest common factor of q and 8.
8
Let u(q) = 76*q + 1. Let z be u(2). Let g be 87/5 + (-4)/10. What is the greatest common factor of z and g?
17
Let g(c) = c + 1. Let v be g(3). Suppose -v*p = 3*b - 34, -4*p + 4 = -3*p. What is the greatest common divisor of b and 30?
6
Suppose 2*l = 7 - 3. Suppose -5*c + v - 92 = 0, 4*v + l = 2*c + 28. Let g = c - -51. Calculate the highest common factor of 8 and g.
8
Let z(i) = 4*i**2 + 3*i + 3. Let l be z(-4). Calculate the highest common factor of l and 22.
11
Let x be ((-3)/(-5) - 6/(-15))*4. What is the highest common factor of 20 and x?
4
Let d be -1 + (2 + 13)/3. Let w be (-22)/4*d/(-2). Suppose -4*h - v = -w, 4*h = 3*v + 38 - 7. What is the greatest common divisor of 12 and h?
4
Let u = 15 - 14. Suppose 0 = -z + u - 2, -w - 2*z = -126. Calculate the greatest common factor of 16 and w.
16
Suppose 5*t = t + 3*l + 78, -3*l = 5*t - 84. What is the highest common factor of 18 and t?
18
Suppose 2*x - 3*o = 28, 2*o + 6 = 2*x - 18. What is the highest common factor of x and 8?
8
Let g be 1/(-3) + 6/(-9). Let q be (g - -2)/((-2)/(-22)). Suppose 4*r = 9 + q. What is the greatest common divisor of 25 and r?
5
Let y(q) = q - 12. Let o be y(10). Let d be 52*(-3 - -3 - o). Calculate the highest common factor of 13 and d.
13
Suppose 20 = 3*o - 2*o. What is the highest common factor of o and 20?
20
Suppose 2*c - 12 = 5*c. Let t(n) = -n**3 - 2*n**2 + 3. Let u be t(c). What is the highest common divisor of u and 14?
7
Suppose -5*q + p + 35 = 2*p, -p = -3*q + 13. Let b = 37 - 25. What is the highest common divisor of q and b?
6
Let j be (20/14)/(1/7). Suppose 35 - j = 5*c. What is the highest common divisor of 15 and c?
5
Suppose 5*b = -h + 14, -2*b = -3*h - 27 + 69. Suppose -41 = -5*g + h. What is the greatest common factor of g and 33?
11
Let a = -27 - -13. Let s be 6/(-21) + (-228)/a. What is the greatest common factor of s and 4?
4
Let t = 17 - 11. Let g(n) = 28*n + 8. Let z be g(t). What is the greatest common divisor of 22 and z?
22
Suppose 3 + 21 = -4*f. Let k be (-481)/f + 1/(-6). What is the greatest common factor of 10 and k?
10
Let l(f) = f**3 - 8*f**2 + f - 6. Let i be l(8). Suppose 64 = o - i*r, -r = 3*r. Calculate the greatest common divisor of o and 16.
16
Let n be 6 - 6 - (-1 - -820). Let a be (-4)/10 + n/15. Let f = -35 - a. What is the highest common divisor of f and 50?
10
Let j be -6*2/(-4) - -101. What is the highest common divisor of j and 13?
13
Let t = 9 - -27. Suppose -n - 94 = -5*i, 3*n - 15 - 9 = -2*i. What is the highest common divisor of i and t?
18
Let v(r) = -35*r - 4. Let g be v(-5). Suppose z = 3*z - 38. What is the greatest common factor of z and g?
19
Let b be (40/32)/((-1)/(-4)). Let f(h) = 3*h**2 - h - 6. Let o be f(b). Calculate the highest common factor of o and 8.
8
Suppose -4 = -h + 22. Calculate the greatest common factor of 52 and h.
26
Suppose 2*i = -x + i + 9, -5*x + 35 = 3*i. What is the greatest common divisor of x and 4?
4
Let l(v) = -4*v - 3. Suppose -3*f = 4*n - 72, -f + 5*n - n = -24. Suppose -4*p + f = -8*p. Let j be l(p). What is the highest common factor of j and 7?
7
Let f(p) = 5*p**2. Let w be f(-1). Suppose 0*i - 45 = -w*i. Suppose -u = 3, 2*n - 4*n - i = 5*u. Calculate the highest common factor of 3 and n.
3
Let t be ((-2)/(-5))/(3/30). Suppose -t*w = -52 - 20. Suppose 0 = 4*v + 2*c - 26, -c - w = -2*v + 3*c. Calculate the highest common factor of 77 and v.
7
Let q be (18/8)/((-2)/(-8)). Suppose 6*g - 3*g = 6. Suppose -g*x + q = -3. What is the greatest common divisor of 3 and x?
3
Let k be (-2)/(-4) - (-46)/4. Let j be ((-18)/4)/((-6)/176). Suppose -s + 0*s = -j. What is the greatest common factor of s and k?
12
Let z(g) = -g**2 + 5*g + 2. Let t be z(5). Suppose 5*c - t*c - 42 = 0. Let r(n) = -3*n - 1. Let b be r(-1). Calculate the greatest common factor of c and b.
2
Let c(v) = v. Let h be c(-4). Let i be 16/3*(-6)/h. What is the greatest common factor of 1 and i?
1
Let f = -50 + 114. What is the greatest common factor of f and 32?
32
Suppose -2*l = -5*l + 246. Let r = -42 + l. Calculate the highest common divisor of 16 and r.
8
Let t = -7 + 8. Let i be (16 - 17) + 4/t. What is the highest common factor of 3 and i?
3
Let i be (-3)/2*(1 + -3). Suppose 64 = i*c + 4. Calculate the highest common factor of 220 and c.
20
Let f = -3 - -6. Suppose 0 = -f*m - 2 + 14. Calculate the greatest common divisor of m and 28.
4
Let m = -38 - -42. Calculate the highest common factor of m and 10.
2
Suppose 4*k + 5*t - 197 = 4*t, 4*t = 3*k - 162. Let a = 38 - 18. Calculate the highest common divisor of k and a.
10
Let l = 0 - 0. Suppose 3*r - 14 + 2 = l. Suppose 5*d = 6*h - h - 195, -h = -r*d - 51. Calculate the highest common divisor of h and 7.
7
Suppose -x = -0*x - 2. Let h be 49/x - (-5)/(-10). What is the highest common factor of 3 and h?
3
Let p be 5 - -2 - (4 - 2). Suppose -2 - 